{"id":14,"date":"2016-03-21T11:21:04","date_gmt":"2016-03-21T11:21:04","guid":{"rendered":"http:\/\/selbstbehauptung-rhein-main.de\/?page_id=14"},"modified":"2023-04-20T07:27:51","modified_gmt":"2023-04-20T07:27:51","slug":"links","status":"publish","type":"page","link":"http:\/\/selbstbehauptung-rhein-main.de\/?page_id=14","title":{"rendered":"Kontakt &#038; Links"},"content":{"rendered":"<h2><\/h2>\n<h2><\/h2>\n<h2>Holger Meier<\/h2>\n<blockquote><p><strong>Telefon:<\/strong> 0172\/6161625<\/p>\n<p><strong>E-Mail:<\/strong><a href=\"mailto:info@selbstbehauptung-rhein-main.de\" target=\"_blank\" rel=\"noopener noreferrer\"> info@selbstbehauptung-rhein-main.de<\/a><\/p><\/blockquote>\n<h2>Meine Partner<\/h2>\n<hr \/>\n<h4>Simone Schlager<img loading=\"lazy\" decoding=\"async\" class=\"size-full wp-image-213 alignright\" src=\"http:\/\/selbstbehauptung-rhein-main.de\/wp-content\/uploads\/2016\/03\/portraitSIMONEschlager.png\" alt=\"portraitSIMONEschlager\" width=\"330\" height=\"373\" srcset=\"http:\/\/selbstbehauptung-rhein-main.de\/wp-content\/uploads\/2016\/03\/portraitSIMONEschlager.png 330w, http:\/\/selbstbehauptung-rhein-main.de\/wp-content\/uploads\/2016\/03\/portraitSIMONEschlager-265x300.png 265w\" sizes=\"auto, (max-width: 330px) 100vw, 330px\" \/><\/h4>\n<div>\n<ul>\n<li>Studium der Diplom-Freizeitp\u00e4dagogik, Schwerpunkt Kultur &amp; \u00c4sthetik (Georg-August-Universit\u00e4t G\u00f6ttingen)<\/li>\n<li>Spielleiterin f\u00fcr Szenisches Spiel &#8211; Interpretation und Auseinandersetzung mit Alltagssituationen sowie Kunstwerken (Bildende Kunst, Literatur, Film, Musik und Theater)<\/li>\n<li>Ausbildung zur Leitung von kreativen Gruppen<\/li>\n<li>Gesundheitspraktikerin f\u00fcr Spirituelle Wegbegleitung<br \/>\n(Bildungsgesellschaft der Deutschen Gesellschaft f\u00fcr Alternative Medizin\/<br \/>\nSpirituelle Schule Stefan Bratzel)<\/li>\n<li>Reiki-Meisterin im Dr. Usui-System der nat\u00fcrlichen Heilung<\/li>\n<li>Ausbildung Klang-Energie-Massage und Gong-Techniken<\/li>\n<li>Ausbildung Chinesische Quantum Methode nach Gabriele Eckert<\/li>\n<\/ul>\n<blockquote><p><strong>Telefon:<\/strong> +49 (0)6132 799243<\/p>\n<p><strong>E-Mail:<\/strong> <a href=\"mailto:simone@wegeundklang.de\">simone@wegeundklang.de<\/a><\/p>\n<p><strong>Homepage:<\/strong> <i class=\"fa fa-share-square\"><\/i> <a href=\"http:\/\/wegeundklang.de\" target=\"_blank\" rel=\"noopener noreferrer\">www.wegeundklang.de<\/a><\/p><\/blockquote>\n<hr \/>\n<h3>Sasan Dalirnejad<img loading=\"lazy\" decoding=\"async\" class=\"wp-image-212 alignright\" src=\"http:\/\/selbstbehauptung-rhein-main.de\/wp-content\/uploads\/2016\/03\/portraitSASANDalirnejad.png\" alt=\"portraitSASANDalirnejad\" width=\"273\" height=\"277\" \/><\/h3>\n<ul>\n<li>Jahrgang 1987<\/li>\n<li>Sportwissenschaftler (Master of Science)<\/li>\n<li>3. Dan<\/li>\n<li>seit 24 Jahren Aus\u00fcbung des Kampfsports Taekwondo, davon \u00fcber 10 Jahre aktiv in der deutschen Nationalmannschaft;<\/li>\n<li>Disziplin-Bundestrainer Deutsche Taekwondo Union<\/li>\n<li>als Selbstverteidigungsreferent t\u00e4tig, insbesondere im Bereich Kinder-\/M\u00e4dchen-\/Frauenselbstverteidigung<\/li>\n<\/ul>\n<blockquote><p><strong>E-Mail:<\/strong> <a href=\"mailto:sasan.d@gmx.de\">sasan.d@gmx.de<\/a><\/p><\/blockquote>\n<hr \/>\n<p><img loading=\"lazy\" decoding=\"async\" class=\"wp-image-577 alignright\" src=\"http:\/\/selbstbehauptung-rhein-main.de\/wp-content\/uploads\/2016\/03\/Unbenannt-1.jpg\" alt=\"\" width=\"237\" height=\"283\" \/><\/p>\n<h3>Silke Manus<\/h3>\n<ul>\n<li>staatl. anerk. Erzieherin<\/li>\n<li>syst. Beraterin \/ syst. Familientherapeutin<\/li>\n<li>Anti-Aggressivit\u00e4ts-Trainerin\u00ae \/ Coolness-Trainerin\u00ae<\/li>\n<li>Psychodramatikerin (BP)<\/li>\n<li>Anti-Mobbing-Coach \/ AUFWIND-Trainerin\u00ae (Opferhilfsprogramm)<\/li>\n<li>Zivilcouragetrainerin (Gewalt-Sehen-Helfen)<\/li>\n<li>Kinderschutzfachkraft (iseF)<\/li>\n<li>Supervisorin<\/li>\n<\/ul>\n<blockquote><p><strong>Mobil:<\/strong> 0157 \/ 35221865<br \/>\n<strong>E-Mail:<\/strong> <a href=\"mailto:silke.manus@web.de\">silke.manus@web.de<\/a><br \/>\n<strong>Homepage:<\/strong> <a href=\"http:\/\/www.silke-manus.de\/\" target=\"_blank\" rel=\"noopener noreferrer\">www.silke-manus.de<\/a><\/p><\/blockquote>\n<hr \/>\n<\/div>\n<h5>\u00a0\u00a0(Ehemalige) Kooperationen mit folgenden Vereinen und Einrichtungen:<\/h5>\n<p style=\"text-align: center;\"><div id=\"\" class=\" magee-shortcode magee-row row\"><div class=\" magee-shortcode magee-column col-md-3\" id=\"\" style=\"text-align:;\"><img loading=\"lazy\" decoding=\"async\" class=\"size-full wp-image-201 aligncenter\" src=\"http:\/\/selbstbehauptung-rhein-main.de\/wp-content\/uploads\/2016\/04\/Koop_Judo.jpg\" alt=\"Koop_Judo\" width=\"220\" height=\"90\" \/><\/p>\n<h6 style=\"text-align: center;\"><a href=\"http:\/\/judo-ingelheim.de\/\" target=\"_blank\" rel=\"noopener noreferrer\">Judo Club <em>Jigoro Kano<\/em> e.V. Ingelheim<\/a><\/div><\/h6>\n<p style=\"text-align: center;\"><div class=\" magee-shortcode magee-column col-md-3\" id=\"\" style=\"text-align:;\"><img loading=\"lazy\" decoding=\"async\" class=\"size-full wp-image-204 aligncenter\" src=\"http:\/\/selbstbehauptung-rhein-main.de\/wp-content\/uploads\/2016\/04\/Koop_muetze.jpg\" alt=\"Koop_muetze\" width=\"220\" height=\"90\" \/><\/p>\n<h6 style=\"text-align: center;\"><a href=\"http:\/\/blog.muetze-kunterbunt.de\/\" target=\"_blank\" rel=\"noopener noreferrer\">M\u00fctze, M\u00fctter- und FamilienZentrum Ingelheim e.V.<\/a><\/div><\/h6>\n<p style=\"text-align: center;\"><div class=\" magee-shortcode magee-column col-md-3\" id=\"\" style=\"text-align:;\"><img loading=\"lazy\" decoding=\"async\" class=\"size-full wp-image-203 aligncenter\" src=\"http:\/\/selbstbehauptung-rhein-main.de\/wp-content\/uploads\/2016\/04\/Koop_MGH.jpg\" alt=\"Koop_MGH\" width=\"220\" height=\"90\" \/><\/p>\n<h6 style=\"text-align: center;\"><a href=\"http:\/\/www.mgh-ingelheim.de\/startseite\/\" target=\"_blank\" rel=\"noopener noreferrer\">Mehrgenerationenhaus Ingelheim<\/a><\/div><\/div><\/h6>\n<hr \/>\n<p style=\"text-align: center;\"><div id=\"\" class=\" magee-shortcode magee-row row\"><div class=\" magee-shortcode magee-column col-md-3\" id=\"\" style=\"text-align:;\"><img loading=\"lazy\" decoding=\"async\" class=\"wp-image-206 aligncenter\" src=\"http:\/\/selbstbehauptung-rhein-main.de\/wp-content\/uploads\/2016\/04\/Koop_yellow.jpg\" alt=\"Koop_yellow\" width=\"185\" height=\"73\" \/><\/p>\n<h6 style=\"text-align: center;\"><a href=\"http:\/\/www.yellow-ingelheim.de\/\" target=\"_blank\" rel=\"noopener noreferrer\">Jugend- und Kulturzentrum Yellow Ingelheim<\/a><\/div><\/h6>\n<p style=\"text-align: center;\"><div class=\" magee-shortcode magee-column col-md-3\" id=\"\" style=\"text-align:;\"><img loading=\"lazy\" decoding=\"async\" class=\"wp-image-205 aligncenter\" src=\"http:\/\/selbstbehauptung-rhein-main.de\/wp-content\/uploads\/2016\/04\/Koop_wbz.jpg\" alt=\"Koop_wbz\" width=\"191\" height=\"72\" \/><\/p>\n<h6 style=\"text-align: center;\"><a href=\"https:\/\/www.wbz-ingelheim.de\/\" target=\"_blank\" rel=\"noopener noreferrer\">Weiterbildungszentrum Ingelheim<\/a><\/div><\/h6>\n<p style=\"text-align: center;\"><div class=\" magee-shortcode magee-column col-md-3\" id=\"\" style=\"text-align:;\"><img loading=\"lazy\" decoding=\"async\" class=\"wp-image-202 aligncenter\" src=\"http:\/\/selbstbehauptung-rhein-main.de\/wp-content\/uploads\/2016\/04\/Koop_KSI.jpg\" alt=\"Koop_KSI\" width=\"179\" height=\"68\" \/><\/p>\n<h6 style=\"text-align: center;\"><a href=\"https:\/\/www.ingelheim.de\/rathaus-politik\/stadtrat-gremien\/kriminalpraeventive-sicherheitspartnerschaft\/\" target=\"_blank\" rel=\"noopener noreferrer\">Kriminalpr\u00e4ventive Sicherheitspartnerschaft der Stadt Ingelheim<\/a><\/div><\/h6>\n<p style=\"text-align: center;\"><div class=\" magee-shortcode magee-column col-md-3\" id=\"\" style=\"text-align:;\"><img loading=\"lazy\" decoding=\"async\" class=\"size-full wp-image-200 aligncenter\" src=\"http:\/\/selbstbehauptung-rhein-main.de\/wp-content\/uploads\/2016\/04\/Koop_GSHfrankfurt.jpg\" alt=\"Koop_GSHfrankfurt\" width=\"220\" height=\"90\" \/><\/p>\n<h6 style=\"text-align: center;\"><a href=\"http:\/\/www.gewalt-sehen-helfen.de\/de\/\" target=\"_blank\" rel=\"noopener noreferrer\">Pr\u00e4ventionsrat<br \/>\n<\/a><a href=\"http:\/\/www.gewalt-sehen-helfen.de\/de\/\" target=\"_blank\" rel=\"noopener noreferrer\">Frankfurt am Main<\/a><\/div>\n<\/div><\/h6>\n","protected":false},"excerpt":{"rendered":"<p>Holger Meier Telefon: 0172\/6161625 E-Mail: info@selbstbehauptung-rhein-main.de Meine Partner Simone Schlager Studium der Diplom-Freizeitp\u00e4dagogik, Schwerpunkt Kultur &amp; \u00c4sthetik (Georg-August-Universit\u00e4t G\u00f6ttingen) Spielleiterin f\u00fcr Szenisches Spiel &#8211; Interpretation und Auseinandersetzung mit Alltagssituationen sowie Kunstwerken (Bildende Kunst, Literatur, Film, Musik und Theater) Ausbildung zur Leitung von kreativen Gruppen Gesundheitspraktikerin f\u00fcr Spirituelle Wegbegleitung (Bildungsgesellschaft der Deutschen Gesellschaft f\u00fcr Alternative Medizin\/ [&hellip;]<\/p>\n","protected":false},"author":1,"featured_media":0,"parent":0,"menu_order":0,"comment_status":"closed","ping_status":"closed","template":"","meta":{"footnotes":""},"class_list":["post-14","page","type-page","status-publish","hentry"],"_links":{"self":[{"href":"http:\/\/selbstbehauptung-rhein-main.de\/index.php?rest_route=\/wp\/v2\/pages\/14","targetHints":{"allow":["GET"]}}],"collection":[{"href":"http:\/\/selbstbehauptung-rhein-main.de\/index.php?rest_route=\/wp\/v2\/pages"}],"about":[{"href":"http:\/\/selbstbehauptung-rhein-main.de\/index.php?rest_route=\/wp\/v2\/types\/page"}],"author":[{"embeddable":true,"href":"http:\/\/selbstbehauptung-rhein-main.de\/index.php?rest_route=\/wp\/v2\/users\/1"}],"replies":[{"embeddable":true,"href":"http:\/\/selbstbehauptung-rhein-main.de\/index.php?rest_route=%2Fwp%2Fv2%2Fcomments&post=14"}],"version-history":[{"count":41,"href":"http:\/\/selbstbehauptung-rhein-main.de\/index.php?rest_route=\/wp\/v2\/pages\/14\/revisions"}],"predecessor-version":[{"id":846,"href":"http:\/\/selbstbehauptung-rhein-main.de\/index.php?rest_route=\/wp\/v2\/pages\/14\/revisions\/846"}],"wp:attachment":[{"href":"http:\/\/selbstbehauptung-rhein-main.de\/index.php?rest_route=%2Fwp%2Fv2%2Fmedia&parent=14"}],"curies":[{"name":"wp","href":"https:\/\/api.w.org\/{rel}","templated":true}]}}

<h2></h2>
<h2></h2>
<h2>Holger Meier</h2>
<blockquote><p><strong>Telefon:</strong> 0172/6161625</p>
<p><strong>E-Mail:</strong><a href="mailto:info@selbstbehauptung-rhein-main.de" target="_blank" rel="noopener noreferrer"> info@selbstbehauptung-rhein-main.de</a></p></blockquote>
<h2>Meine Partner</h2>
<hr />
<h4>Simone Schlager<img loading="lazy" decoding="async" class="size-full wp-image-213 alignright" src="http://selbstbehauptung-rhein-main.de/wp-content/uploads/2016/03/portraitSIMONEschlager.png" alt="portraitSIMONEschlager" width="330" height="373" srcset="http://selbstbehauptung-rhein-main.de/wp-content/uploads/2016/03/portraitSIMONEschlager.png 330w, http://selbstbehauptung-rhein-main.de/wp-content/uploads/2016/03/portraitSIMONEschlager-265x300.png 265w" sizes="auto, (max-width: 330px) 100vw, 330px" /></h4>
<div>
<ul>
<li>Studium der Diplom-Freizeitpädagogik, Schwerpunkt Kultur &amp; Ästhetik (Georg-August-Universität Göttingen)</li>
<li>Spielleiterin für Szenisches Spiel &#8211; Interpretation und Auseinandersetzung mit Alltagssituationen sowie Kunstwerken (Bildende Kunst, Literatur, Film, Musik und Theater)</li>
<li>Ausbildung zur Leitung von kreativen Gruppen</li>
<li>Gesundheitspraktikerin für Spirituelle Wegbegleitung<br />
(Bildungsgesellschaft der Deutschen Gesellschaft für Alternative Medizin/<br />
Spirituelle Schule Stefan Bratzel)</li>
<li>Reiki-Meisterin im Dr. Usui-System der natürlichen Heilung</li>
<li>Ausbildung Klang-Energie-Massage und Gong-Techniken</li>
<li>Ausbildung Chinesische Quantum Methode nach Gabriele Eckert</li>
</ul>
<blockquote><p><strong>Telefon:</strong> +49 (0)6132 799243</p>
<p><strong>E-Mail:</strong> <a href="mailto:simone@wegeundklang.de">simone@wegeundklang.de</a></p>
<p><strong>Homepage:</strong> <i class="fa fa-share-square"></i> <a href="http://wegeundklang.de" target="_blank" rel="noopener noreferrer">www.wegeundklang.de</a></p></blockquote>
<hr />
<h3>Sasan Dalirnejad<img loading="lazy" decoding="async" class="wp-image-212 alignright" src="http://selbstbehauptung-rhein-main.de/wp-content/uploads/2016/03/portraitSASANDalirnejad.png" alt="portraitSASANDalirnejad" width="273" height="277" /></h3>
<ul>
<li>Jahrgang 1987</li>
<li>Sportwissenschaftler (Master of Science)</li>
<li>3. Dan</li>
<li>seit 24 Jahren Ausübung des Kampfsports Taekwondo, davon über 10 Jahre aktiv in der deutschen Nationalmannschaft;</li>
<li>Disziplin-Bundestrainer Deutsche Taekwondo Union</li>
<li>als Selbstverteidigungsreferent tätig, insbesondere im Bereich Kinder-/Mädchen-/Frauenselbstverteidigung</li>
</ul>
<blockquote><p><strong>E-Mail:</strong> <a href="mailto:sasan.d@gmx.de">sasan.d@gmx.de</a></p></blockquote>
<hr />
<p><img loading="lazy" decoding="async" class="wp-image-577 alignright" src="http://selbstbehauptung-rhein-main.de/wp-content/uploads/2016/03/Unbenannt-1.jpg" alt="" width="237" height="283" /></p>
<h3>Silke Manus</h3>
<ul>
<li>staatl. anerk. Erzieherin</li>
<li>syst. Beraterin / syst. Familientherapeutin</li>
<li>Anti-Aggressivitäts-Trainerin® / Coolness-Trainerin®</li>
<li>Psychodramatikerin (BP)</li>
<li>Anti-Mobbing-Coach / AUFWIND-Trainerin® (Opferhilfsprogramm)</li>
<li>Zivilcouragetrainerin (Gewalt-Sehen-Helfen)</li>
<li>Kinderschutzfachkraft (iseF)</li>
<li>Supervisorin</li>
</ul>
<blockquote><p><strong>Mobil:</strong> 0157 / 35221865<br />
<strong>E-Mail:</strong> <a href="mailto:silke.manus@web.de">silke.manus@web.de</a><br />
<strong>Homepage:</strong> <a href="http://www.silke-manus.de/" target="_blank" rel="noopener noreferrer">www.silke-manus.de</a></p></blockquote>
<hr />
</div>
<h5>  (Ehemalige) Kooperationen mit folgenden Vereinen und Einrichtungen:</h5>
<p style="text-align: center;"><div id="" class=" magee-shortcode magee-row row"><div class=" magee-shortcode magee-column col-md-3" id="" style="text-align:;"><img loading="lazy" decoding="async" class="size-full wp-image-201 aligncenter" src="http://selbstbehauptung-rhein-main.de/wp-content/uploads/2016/04/Koop_Judo.jpg" alt="Koop_Judo" width="220" height="90" /></p>
<h6 style="text-align: center;"><a href="http://judo-ingelheim.de/" target="_blank" rel="noopener noreferrer">Judo Club <em>Jigoro Kano</em> e.V. Ingelheim</a></div></h6>
<p style="text-align: center;"><div class=" magee-shortcode magee-column col-md-3" id="" style="text-align:;"><img loading="lazy" decoding="async" class="size-full wp-image-204 aligncenter" src="http://selbstbehauptung-rhein-main.de/wp-content/uploads/2016/04/Koop_muetze.jpg" alt="Koop_muetze" width="220" height="90" /></p>
<h6 style="text-align: center;"><a href="http://blog.muetze-kunterbunt.de/" target="_blank" rel="noopener noreferrer">Mütze, Mütter- und FamilienZentrum Ingelheim e.V.</a></div></h6>
<p style="text-align: center;"><div class=" magee-shortcode magee-column col-md-3" id="" style="text-align:;"><img loading="lazy" decoding="async" class="size-full wp-image-203 aligncenter" src="http://selbstbehauptung-rhein-main.de/wp-content/uploads/2016/04/Koop_MGH.jpg" alt="Koop_MGH" width="220" height="90" /></p>
<h6 style="text-align: center;"><a href="http://www.mgh-ingelheim.de/startseite/" target="_blank" rel="noopener noreferrer">Mehrgenerationenhaus Ingelheim</a></div></div></h6>
<hr />
<p style="text-align: center;"><div id="" class=" magee-shortcode magee-row row"><div class=" magee-shortcode magee-column col-md-3" id="" style="text-align:;"><img loading="lazy" decoding="async" class="wp-image-206 aligncenter" src="http://selbstbehauptung-rhein-main.de/wp-content/uploads/2016/04/Koop_yellow.jpg" alt="Koop_yellow" width="185" height="73" /></p>
<h6 style="text-align: center;"><a href="http://www.yellow-ingelheim.de/" target="_blank" rel="noopener noreferrer">Jugend- und Kulturzentrum Yellow Ingelheim</a></div></h6>
<p style="text-align: center;"><div class=" magee-shortcode magee-column col-md-3" id="" style="text-align:;"><img loading="lazy" decoding="async" class="wp-image-205 aligncenter" src="http://selbstbehauptung-rhein-main.de/wp-content/uploads/2016/04/Koop_wbz.jpg" alt="Koop_wbz" width="191" height="72" /></p>
<h6 style="text-align: center;"><a href="https://www.wbz-ingelheim.de/" target="_blank" rel="noopener noreferrer">Weiterbildungszentrum Ingelheim</a></div></h6>
<p style="text-align: center;"><div class=" magee-shortcode magee-column col-md-3" id="" style="text-align:;"><img loading="lazy" decoding="async" class="wp-image-202 aligncenter" src="http://selbstbehauptung-rhein-main.de/wp-content/uploads/2016/04/Koop_KSI.jpg" alt="Koop_KSI" width="179" height="68" /></p>
<h6 style="text-align: center;"><a href="https://www.ingelheim.de/rathaus-politik/stadtrat-gremien/kriminalpraeventive-sicherheitspartnerschaft/" target="_blank" rel="noopener noreferrer">Kriminalpräventive Sicherheitspartnerschaft der Stadt Ingelheim</a></div></h6>
<p style="text-align: center;"><div class=" magee-shortcode magee-column col-md-3" id="" style="text-align:;"><img loading="lazy" decoding="async" class="size-full wp-image-200 aligncenter" src="http://selbstbehauptung-rhein-main.de/wp-content/uploads/2016/04/Koop_GSHfrankfurt.jpg" alt="Koop_GSHfrankfurt" width="220" height="90" /></p>
<h6 style="text-align: center;"><a href="http://www.gewalt-sehen-helfen.de/de/" target="_blank" rel="noopener noreferrer">Präventionsrat<br />
</a><a href="http://www.gewalt-sehen-helfen.de/de/" target="_blank" rel="noopener noreferrer">Frankfurt am Main</a></div>
</div></h6>

<p>Holger Meier Telefon: 0172/6161625 E-Mail: info@selbstbehauptung-rhein-main.de Meine Partner Simone Schlager Studium der Diplom-Freizeitpädagogik, Schwerpunkt Kultur &amp; Ästhetik (Georg-August-Universität Göttingen) Spielleiterin für Szenisches Spiel &#8211; Interpretation und Auseinandersetzung mit Alltagssituationen sowie Kunstwerken (Bildende Kunst, Literatur, Film, Musik und Theater) Ausbildung zur Leitung von kreativen Gruppen Gesundheitspraktikerin für Spirituelle Wegbegleitung (Bildungsgesellschaft der Deutschen Gesellschaft für Alternative Medizin/ [&hellip;]</p>
